{"id":561,"date":"2021-01-21T18:02:51","date_gmt":"2021-01-21T17:02:51","guid":{"rendered":"http:\/\/nouvelleaquitaine-handball.org\/toutlehand\/?page_id=561"},"modified":"2022-09-09T15:28:38","modified_gmt":"2022-09-09T13:28:38","slug":"600-roles-et-missions-des-dirigeants","status":"publish","type":"page","link":"https:\/\/old.nouvelleaquitaine-handball.org\/toutlehand\/600-roles-et-missions-des-dirigeants\/","title":{"rendered":"Dirigeants"},"content":{"rendered":"\n<ul class=\"wp-block-list\"><li><a href=\"https:\/\/old.nouvelleaquitaine-handball.org\/toutlehand\/600-roles-et-missions-des-dirigeants\/610-statuts-et-reglement-interieur\/\">Statuts et r\u00e8glement int\u00e9rieur<\/a><ul><li><a href=\"https:\/\/old.nouvelleaquitaine-handball.org\/toutlehand\/600-roles-et-missions-des-dirigeants\/610-statuts-et-reglement-interieur\/611-statuts-associatifs\/\">Statuts associatifs<\/a><\/li><li><a href=\"https:\/\/old.nouvelleaquitaine-handball.org\/toutlehand\/600-roles-et-missions-des-dirigeants\/610-statuts-et-reglement-interieur\/612-reglement-interieur\/\">R\u00e8glement int\u00e9rieur<\/a><\/li><\/ul><\/li><li><a href=\"https:\/\/old.nouvelleaquitaine-handball.org\/toutlehand\/600-roles-et-missions-des-dirigeants\/620-bureau-directeur\/\">Bureau directeur<\/a><ul><li><a href=\"https:\/\/old.nouvelleaquitaine-handball.org\/toutlehand\/600-roles-et-missions-des-dirigeants\/620-bureau-directeur\/621-le-president\/\">Le pr\u00e9sident<\/a><\/li><li><a href=\"https:\/\/old.nouvelleaquitaine-handball.org\/toutlehand\/600-roles-et-missions-des-dirigeants\/620-bureau-directeur\/622-le-secretaire\/\">Le secr\u00e9taire<\/a><\/li><li><a href=\"https:\/\/old.nouvelleaquitaine-handball.org\/toutlehand\/600-roles-et-missions-des-dirigeants\/620-bureau-directeur\/623-le-tresorier\/\">Le tr\u00e9sorier<\/a><\/li><li><a href=\"https:\/\/old.nouvelleaquitaine-handball.org\/toutlehand\/600-roles-et-missions-des-dirigeants\/620-bureau-directeur\/624-roles-du-bd\/\">R\u00f4les du BD<\/a><\/li><li><a href=\"https:\/\/old.nouvelleaquitaine-handball.org\/toutlehand\/600-roles-et-missions-des-dirigeants\/620-bureau-directeur\/625-outils-pour-le-bd\/\">Outils pour le BD<\/a><\/li><\/ul><\/li><li><a href=\"https:\/\/old.nouvelleaquitaine-handball.org\/toutlehand\/600-roles-et-missions-des-dirigeants\/630-conseil-dadministration\/\">Conseil d\u2019administration<\/a><ul><li><a href=\"https:\/\/old.nouvelleaquitaine-handball.org\/toutlehand\/600-roles-et-missions-des-dirigeants\/630-conseil-dadministration\/631-roles-du-conseil-dadministration\/\">R\u00f4les du conseil d\u2019administration<\/a><\/li><li><a href=\"https:\/\/old.nouvelleaquitaine-handball.org\/toutlehand\/600-roles-et-missions-des-dirigeants\/630-conseil-dadministration\/632-commissions\/\">Commissions<\/a><\/li><li><a href=\"http:\/\/old.nouvelleaquitaine-handball.org\/toutlehand\/wp-content\/uploads\/2021\/11\/Presentation-environnement-club_nov2021.pdf\">Outils<\/a><\/li><\/ul><\/li><li><a href=\"https:\/\/old.nouvelleaquitaine-handball.org\/toutlehand\/600-roles-et-missions-des-dirigeants\/640-assemblee-generale\/\">Assembl\u00e9e g\u00e9n\u00e9rale<\/a><\/li><li><a href=\"https:\/\/old.nouvelleaquitaine-handball.org\/toutlehand\/600-roles-et-missions-des-dirigeants\/650-dirigeants-associatifs\/\">Dirigeants associatifs<\/a><\/li><li><a href=\"https:\/\/old.nouvelleaquitaine-handball.org\/toutlehand\/600-roles-et-missions-des-dirigeants\/660-dirigeants-techniques\/\">Dirigeants techniques<\/a><ul><li><a href=\"https:\/\/old.nouvelleaquitaine-handball.org\/toutlehand\/600-roles-et-missions-des-dirigeants\/660-dirigeants-techniques\/661-correspondant-club\/\">Correspondant-club<\/a><\/li><li><a href=\"https:\/\/old.nouvelleaquitaine-handball.org\/toutlehand\/600-roles-et-missions-des-dirigeants\/660-dirigeants-techniques\/662-accompagnateur-equipe\/\">Accompagnateur \u00e9quipe<\/a><\/li><li><a href=\"https:\/\/old.nouvelleaquitaine-handball.org\/toutlehand\/600-roles-et-missions-des-dirigeants\/660-dirigeants-techniques\/663-educateur-entraineur\/\">\u00c9ducateur Entra\u00eeneur<\/a><\/li><li><a href=\"https:\/\/old.nouvelleaquitaine-handball.org\/toutlehand\/600-roles-et-missions-des-dirigeants\/660-dirigeants-techniques\/664-officiels-table-de-marque\/\">Officiels table de marque<\/a><\/li><li><a href=\"https:\/\/old.nouvelleaquitaine-handball.org\/toutlehand\/600-roles-et-missions-des-dirigeants\/660-dirigeants-techniques\/665-officiels-arbitrage\/\">Officiels arbitrage<\/a><\/li><li><a href=\"https:\/\/old.nouvelleaquitaine-handball.org\/toutlehand\/600-roles-et-missions-des-dirigeants\/660-dirigeants-techniques\/666-conseiller-technique\/\">Conseiller technique<\/a><\/li><li><a href=\"https:\/\/old.nouvelleaquitaine-handball.org\/toutlehand\/600-roles-et-missions-des-dirigeants\/670-festivites\/\">Festivit\u00e9s<\/a><\/li><\/ul><\/li><li><a href=\"https:\/\/old.nouvelleaquitaine-handball.org\/toutlehand\/600-roles-et-missions-des-dirigeants\/680-projet-associatif\/\">Projet associatif<\/a><\/li><li><a href=\"https:\/\/old.nouvelleaquitaine-handball.org\/toutlehand\/600-roles-et-missions-des-dirigeants\/690-ethique\/\">\u00c9thique<\/a><ul><li><a href=\"https:\/\/old.nouvelleaquitaine-handball.org\/toutlehand\/600-roles-et-missions-des-dirigeants\/690-ethique\/691-discriminations\/\">Discriminations<\/a><\/li><li><a href=\"https:\/\/old.nouvelleaquitaine-handball.org\/toutlehand\/600-roles-et-missions-des-dirigeants\/690-ethique\/692-violences\/\">Violences<\/a><\/li><li><a href=\"https:\/\/old.nouvelleaquitaine-handball.org\/toutlehand\/600-roles-et-missions-des-dirigeants\/690-ethique\/693-supporters\/\">Supporters<\/a><\/li><li><a href=\"https:\/\/old.nouvelleaquitaine-handball.org\/toutlehand\/600-roles-et-missions-des-dirigeants\/690-ethique\/694-parentalite\/\">Parentalit\u00e9<\/a><\/li><li><a href=\"https:\/\/old.nouvelleaquitaine-handball.org\/toutlehand\/600-roles-et-missions-des-dirigeants\/690-ethique\/695-honorabilite\/\">Honorabilit\u00e9<\/a><\/li><li><a href=\"https:\/\/old.nouvelleaquitaine-handball.org\/toutlehand\/600-roles-et-missions-des-dirigeants\/690-ethique\/696-divers\/\">Divers<\/a><\/li><\/ul><\/li><\/ul>\n","protected":false},"excerpt":{"rendered":"<p>Statuts et r\u00e8glement int\u00e9rieur Statuts associatifs R\u00e8glement int\u00e9rieur Bureau directeur Le pr\u00e9sident Le secr\u00e9taire Le tr\u00e9sorier R\u00f4les du BD Outils pour le BD Conseil d\u2019administration R\u00f4les du conseil d\u2019administration Commissions Outils Assembl\u00e9e g\u00e9n\u00e9rale Dirigeants associatifs Dirigeants techniques Correspondant-club Accompagnateur \u00e9quipe \u00c9ducateur Entra\u00eeneur Officiels table de marque Officiels arbitrage Conseiller technique Festivit\u00e9s Projet associatif \u00c9thique Discriminations&hellip; <br \/> <a class=\"read-more\" href=\"https:\/\/old.nouvelleaquitaine-handball.org\/toutlehand\/600-roles-et-missions-des-dirigeants\/\">Lire la suite<\/a><\/p>\n","protected":false},"author":1,"featured_media":0,"parent":0,"menu_order":0,"comment_status":"closed","ping_status":"closed","template":"","meta":{"_seopress_robots_primary_cat":"","footnotes":""},"folder":[],"class_list":["post-561","page","type-page","status-publish","hentry"],"_links":{"self":[{"href":"https:\/\/old.nouvelleaquitaine-handball.org\/toutlehand\/wp-json\/wp\/v2\/pages\/561","targetHints":{"allow":["GET"]}}],"collection":[{"href":"https:\/\/old.nouvelleaquitaine-handball.org\/toutlehand\/wp-json\/wp\/v2\/pages"}],"about":[{"href":"https:\/\/old.nouvelleaquitaine-handball.org\/toutlehand\/wp-json\/wp\/v2\/types\/page"}],"author":[{"embeddable":true,"href":"https:\/\/old.nouvelleaquitaine-handball.org\/toutlehand\/wp-json\/wp\/v2\/users\/1"}],"replies":[{"embeddable":true,"href":"https:\/\/old.nouvelleaquitaine-handball.org\/toutlehand\/wp-json\/wp\/v2\/comments?post=561"}],"version-history":[{"count":11,"href":"https:\/\/old.nouvelleaquitaine-handball.org\/toutlehand\/wp-json\/wp\/v2\/pages\/561\/revisions"}],"predecessor-version":[{"id":3579,"href":"https:\/\/old.nouvelleaquitaine-handball.org\/toutlehand\/wp-json\/wp\/v2\/pages\/561\/revisions\/3579"}],"wp:attachment":[{"href":"https:\/\/old.nouvelleaquitaine-handball.org\/toutlehand\/wp-json\/wp\/v2\/media?parent=561"}],"wp:term":[{"taxonomy":"folder","embeddable":true,"href":"https:\/\/old.nouvelleaquitaine-handball.org\/toutlehand\/wp-json\/wp\/v2\/folder?post=561"}],"curies":[{"name":"wp","href":"https:\/\/api.w.org\/{rel}","templated":true}]}}