{"id":285,"date":"2020-10-06T15:51:18","date_gmt":"2020-10-06T13:51:18","guid":{"rendered":"http:\/\/nouvelleaquitaine-handball.org\/toutlehand\/?page_id=285"},"modified":"2022-10-04T17:19:19","modified_gmt":"2022-10-04T15:19:19","slug":"112-creation_club_associatif","status":"publish","type":"page","link":"https:\/\/old.nouvelleaquitaine-handball.org\/toutlehand\/100-outils-docs-administratifs\/110-creation-modification-de-club\/112-creation_club_associatif\/","title":{"rendered":"Cr\u00e9ation club associatif"},"content":{"rendered":"\n<p><a href=\"https:\/\/old.nouvelleaquitaine-handball.org\/toutlehand\/wp-content\/uploads\/2020\/10\/112.1-Creation-dune-asso-declaration-prealable-cerfa_13973-04.pdf\" data-type=\"URL\" data-id=\"https:\/\/old.nouvelleaquitaine-handball.org\/toutlehand\/wp-content\/uploads\/2020\/10\/112.1-Creation-dune-asso-declaration-prealable-cerfa_13973-04.pdf\" target=\"_blank\" rel=\"noreferrer noopener\">Cr\u00e9ation d&#8217;une asso d\u00e9claration pr\u00e9alable cerfa_13973-04<\/a><\/p>\n\n\n\n<p><a href=\"https:\/\/old.nouvelleaquitaine-handball.org\/toutlehand\/wp-content\/uploads\/2020\/10\/112.2-Declaration-de-la-liste-des-personnes-cerfa_13971-03.pdf\" data-type=\"URL\" data-id=\"https:\/\/old.nouvelleaquitaine-handball.org\/toutlehand\/wp-content\/uploads\/2020\/10\/112.2-Declaration-de-la-liste-des-personnes-cerfa_13971-03.pdf\" target=\"_blank\" rel=\"noreferrer noopener\">D\u00e9claration de la liste des personnes cerfa_13971-03<\/a><\/p>\n\n\n\n<p><a href=\"https:\/\/old.nouvelleaquitaine-handball.org\/toutlehand\/wp-content\/uploads\/2021\/06\/112.3.2-Declaration-initiale-d-une-association.doc\" data-type=\"URL\" data-id=\"https:\/\/old.nouvelleaquitaine-handball.org\/toutlehand\/wp-content\/uploads\/2021\/06\/112.3.2-Declaration-initiale-d-une-association.doc\" target=\"_blank\" rel=\"noreferrer noopener\">D\u00e9claration initiale<\/a><\/p>\n\n\n\n<p><a href=\"https:\/\/old.nouvelleaquitaine-handball.org\/toutlehand\/wp-content\/uploads\/2020\/10\/112.4-Fiche-pratique-creation-dune-association-et-deroulement-dune-AG.pdf\" data-type=\"URL\" data-id=\"https:\/\/old.nouvelleaquitaine-handball.org\/toutlehand\/wp-content\/uploads\/2020\/10\/112.4-Fiche-pratique-creation-dune-association-et-deroulement-dune-AG.pdf\" target=\"_blank\" rel=\"noreferrer noopener\">Fiche pratique cr\u00e9ation d&#8217;une association et d\u00e9roulement d&#8217;une AG<\/a><\/p>\n\n\n\n<p><a href=\"https:\/\/old.nouvelleaquitaine-handball.org\/toutlehand\/wp-content\/uploads\/2021\/05\/116.1-x-112.5-Proces-verbal-de-lassemblee-generale-constitutive.docx\" data-type=\"URL\" data-id=\"https:\/\/old.nouvelleaquitaine-handball.org\/toutlehand\/wp-content\/uploads\/2021\/05\/116.1-x-112.5-Proces-verbal-de-lassemblee-generale-constitutive.docx\" target=\"_blank\" rel=\"noreferrer noopener\">Proc\u00e8s verbal de l assembl\u00e9e g\u00e9n\u00e9rale constitutive<\/a><\/p>\n\n\n\n<p><a href=\"https:\/\/old.nouvelleaquitaine-handball.org\/toutlehand\/wp-content\/uploads\/2021\/05\/112.6-Convocation-assemblee-generale-constitutive.docx\" data-type=\"URL\" data-id=\"https:\/\/old.nouvelleaquitaine-handball.org\/toutlehand\/wp-content\/uploads\/2021\/05\/112.6-Convocation-assemblee-generale-constitutive.docx\" target=\"_blank\" rel=\"noreferrer noopener\">Convocation assembl\u00e9e g\u00e9n\u00e9rale constitutive<\/a><\/p>\n\n\n\n<p><a href=\"http:\/\/old.nouvelleaquitaine-handball.org\/toutlehand\/?p=305\" data-type=\"URL\" data-id=\"http:\/\/old.nouvelleaquitaine-handball.org\/toutlehand\/?p=305\" target=\"_blank\" rel=\"noreferrer noopener\">Cr\u00e9ation Structuration club FFHB<\/a><\/p>\n\n\n\n<p><a href=\"http:\/\/old.nouvelleaquitaine-handball.org\/toutlehand\/wp-content\/uploads\/2021\/05\/112.8-Formulaire_de_versement_aide_creation_club__version_service_financier.pdf\" data-type=\"URL\" data-id=\"http:\/\/old.nouvelleaquitaine-handball.org\/toutlehand\/wp-content\/uploads\/2021\/05\/112.8-Formulaire_de_versement_aide_creation_club__version_service_financier.pdf\" target=\"_blank\" rel=\"noreferrer noopener\">Formulaire de versement aide cr\u00e9ation club version service financier<\/a><\/p>\n\n\n\n<p><a href=\"http:\/\/old.nouvelleaquitaine-handball.org\/toutlehand\/wp-content\/uploads\/2021\/05\/112.9-Compte_Budget_type.xls\" data-type=\"URL\" data-id=\"http:\/\/old.nouvelleaquitaine-handball.org\/toutlehand\/wp-content\/uploads\/2021\/05\/112.9-Compte_Budget_type.xls\">Co<\/a><a href=\"https:\/\/old.nouvelleaquitaine-handball.org\/toutlehand\/wp-content\/uploads\/2021\/05\/112.9-Compte_Budget_type.xls\" data-type=\"URL\" data-id=\"https:\/\/old.nouvelleaquitaine-handball.org\/toutlehand\/wp-content\/uploads\/2021\/05\/112.9-Compte_Budget_type.xls\">mpte Budget Type<\/a><\/p>\n","protected":false},"excerpt":{"rendered":"<p>Cr\u00e9ation d&#8217;une asso d\u00e9claration pr\u00e9alable cerfa_13973-04 D\u00e9claration de la liste des personnes cerfa_13971-03 D\u00e9claration initiale Fiche pratique cr\u00e9ation d&#8217;une association et d\u00e9roulement d&#8217;une AG Proc\u00e8s verbal de l assembl\u00e9e g\u00e9n\u00e9rale constitutive Convocation assembl\u00e9e g\u00e9n\u00e9rale constitutive Cr\u00e9ation Structuration club FFHB Formulaire de versement aide cr\u00e9ation club version service financier Compte Budget Type<\/p>\n","protected":false},"author":1,"featured_media":1171,"parent":228,"menu_order":0,"comment_status":"closed","ping_status":"closed","template":"","meta":{"_seopress_robots_primary_cat":"","footnotes":""},"folder":[],"class_list":["post-285","page","type-page","status-publish","has-post-thumbnail","hentry"],"_links":{"self":[{"href":"https:\/\/old.nouvelleaquitaine-handball.org\/toutlehand\/wp-json\/wp\/v2\/pages\/285","targetHints":{"allow":["GET"]}}],"collection":[{"href":"https:\/\/old.nouvelleaquitaine-handball.org\/toutlehand\/wp-json\/wp\/v2\/pages"}],"about":[{"href":"https:\/\/old.nouvelleaquitaine-handball.org\/toutlehand\/wp-json\/wp\/v2\/types\/page"}],"author":[{"embeddable":true,"href":"https:\/\/old.nouvelleaquitaine-handball.org\/toutlehand\/wp-json\/wp\/v2\/users\/1"}],"replies":[{"embeddable":true,"href":"https:\/\/old.nouvelleaquitaine-handball.org\/toutlehand\/wp-json\/wp\/v2\/comments?post=285"}],"version-history":[{"count":24,"href":"https:\/\/old.nouvelleaquitaine-handball.org\/toutlehand\/wp-json\/wp\/v2\/pages\/285\/revisions"}],"predecessor-version":[{"id":3675,"href":"https:\/\/old.nouvelleaquitaine-handball.org\/toutlehand\/wp-json\/wp\/v2\/pages\/285\/revisions\/3675"}],"up":[{"embeddable":true,"href":"https:\/\/old.nouvelleaquitaine-handball.org\/toutlehand\/wp-json\/wp\/v2\/pages\/228"}],"wp:featuredmedia":[{"embeddable":true,"href":"https:\/\/old.nouvelleaquitaine-handball.org\/toutlehand\/wp-json\/wp\/v2\/media\/1171"}],"wp:attachment":[{"href":"https:\/\/old.nouvelleaquitaine-handball.org\/toutlehand\/wp-json\/wp\/v2\/media?parent=285"}],"wp:term":[{"taxonomy":"folder","embeddable":true,"href":"https:\/\/old.nouvelleaquitaine-handball.org\/toutlehand\/wp-json\/wp\/v2\/folder?post=285"}],"curies":[{"name":"wp","href":"https:\/\/api.w.org\/{rel}","templated":true}]}}