{"id":2395,"date":"2021-08-25T11:28:40","date_gmt":"2021-08-25T09:28:40","guid":{"rendered":"https:\/\/nouvelleaquitaine-handball.org\/toutlehand\/?page_id=2395"},"modified":"2022-02-21T16:32:55","modified_gmt":"2022-02-21T15:32:55","slug":"710-documentation","status":"publish","type":"page","link":"https:\/\/old.nouvelleaquitaine-handball.org\/toutlehand\/710-documentation\/","title":{"rendered":"Documentation"},"content":{"rendered":"\n<p><a href=\"http:\/\/nouvelleaquitaine-handball.org\/toutlehand\/wp-content\/uploads\/2021\/09\/477.1-La-Tete-et-le-Hand-UGSEL.pdf\">La t\u00eate et le hand UGSEL<\/a><\/p>\n\n\n\n<p><a href=\"http:\/\/nouvelleaquitaine-handball.org\/toutlehand\/wp-content\/uploads\/2021\/09\/477.2-Les-matchs-a-themes.pdf\">Les matchs \u00e0 th\u00e8mes<\/a><\/p>\n\n\n\n<p><a href=\"http:\/\/nouvelleaquitaine-handball.org\/toutlehand\/wp-content\/uploads\/2021\/09\/477.3-Presentation-AMI-30-minutes-Activite-Physique-Quotidienne.pdf\">Pr\u00e9sentation AMI 30 minutes activit\u00e9 physique quotidienne<\/a><\/p>\n","protected":false},"excerpt":{"rendered":"<p>La t\u00eate et le hand UGSEL Les matchs \u00e0 th\u00e8mes Pr\u00e9sentation AMI 30 minutes activit\u00e9 physique quotidienne<\/p>\n","protected":false},"author":1,"featured_media":0,"parent":0,"menu_order":0,"comment_status":"closed","ping_status":"closed","template":"","meta":{"_seopress_robots_primary_cat":"","footnotes":""},"folder":[],"class_list":["post-2395","page","type-page","status-publish","hentry"],"_links":{"self":[{"href":"https:\/\/old.nouvelleaquitaine-handball.org\/toutlehand\/wp-json\/wp\/v2\/pages\/2395","targetHints":{"allow":["GET"]}}],"collection":[{"href":"https:\/\/old.nouvelleaquitaine-handball.org\/toutlehand\/wp-json\/wp\/v2\/pages"}],"about":[{"href":"https:\/\/old.nouvelleaquitaine-handball.org\/toutlehand\/wp-json\/wp\/v2\/types\/page"}],"author":[{"embeddable":true,"href":"https:\/\/old.nouvelleaquitaine-handball.org\/toutlehand\/wp-json\/wp\/v2\/users\/1"}],"replies":[{"embeddable":true,"href":"https:\/\/old.nouvelleaquitaine-handball.org\/toutlehand\/wp-json\/wp\/v2\/comments?post=2395"}],"version-history":[{"count":3,"href":"https:\/\/old.nouvelleaquitaine-handball.org\/toutlehand\/wp-json\/wp\/v2\/pages\/2395\/revisions"}],"predecessor-version":[{"id":2982,"href":"https:\/\/old.nouvelleaquitaine-handball.org\/toutlehand\/wp-json\/wp\/v2\/pages\/2395\/revisions\/2982"}],"wp:attachment":[{"href":"https:\/\/old.nouvelleaquitaine-handball.org\/toutlehand\/wp-json\/wp\/v2\/media?parent=2395"}],"wp:term":[{"taxonomy":"folder","embeddable":true,"href":"https:\/\/old.nouvelleaquitaine-handball.org\/toutlehand\/wp-json\/wp\/v2\/folder?post=2395"}],"curies":[{"name":"wp","href":"https:\/\/api.w.org\/{rel}","templated":true}]}}