{"id":2268,"date":"2021-07-27T11:31:40","date_gmt":"2021-07-27T09:31:40","guid":{"rendered":"https:\/\/nouvelleaquitaine-handball.org\/toutlehand\/?page_id=2268"},"modified":"2022-09-08T14:08:16","modified_gmt":"2022-09-08T12:08:16","slug":"420-hand-a-4","status":"publish","type":"page","link":"https:\/\/old.nouvelleaquitaine-handball.org\/toutlehand\/420-hand-a-4\/","title":{"rendered":"Hand \u00e0 4"},"content":{"rendered":"\n<p><a href=\"https:\/\/old.nouvelleaquitaine-handball.org\/toutlehand\/?page_id=2311\" data-type=\"URL\" data-id=\"https:\/\/old.nouvelleaquitaine-handball.org\/toutlehand\/?page_id=2311\" target=\"_blank\" rel=\"noreferrer noopener\">Visuels Hand \u00e0 4<\/a><\/p>\n\n\n\n<p><a href=\"https:\/\/old.nouvelleaquitaine-handball.org\/toutlehand\/?page_id=2322\" data-type=\"URL\" data-id=\"https:\/\/old.nouvelleaquitaine-handball.org\/toutlehand\/?page_id=2322\" target=\"_blank\" rel=\"noreferrer noopener\">Livret Hand \u00e0 4 \u00e9dition 2018<\/a><\/p>\n\n\n\n<p><a href=\"https:\/\/old.nouvelleaquitaine-handball.org\/toutlehand\/?page_id=2331\" data-type=\"URL\" data-id=\"https:\/\/old.nouvelleaquitaine-handball.org\/toutlehand\/?page_id=2331\" target=\"_blank\" rel=\"noreferrer noopener\">Fiche pratique HAND A 4<\/a><\/p>\n\n\n\n<p><a href=\"https:\/\/old.nouvelleaquitaine-handball.org\/toutlehand\/?page_id=2334\" data-type=\"URL\" data-id=\"https:\/\/old.nouvelleaquitaine-handball.org\/toutlehand\/?page_id=2334\" target=\"_blank\" rel=\"noreferrer noopener\">Guide pratique Hand \u00e0 4 \u2013 2019<\/a><\/p>\n\n\n\n<p><a href=\"https:\/\/old.nouvelleaquitaine-handball.org\/toutlehand\/?page_id=2341\" data-type=\"URL\" data-id=\"https:\/\/old.nouvelleaquitaine-handball.org\/toutlehand\/?page_id=2341\" target=\"_blank\" rel=\"noreferrer noopener\">Hand \u00e0 4 site Ligue Nouvelle Aquitaine<\/a><\/p>\n\n\n\n<p><a href=\"https:\/\/old.nouvelleaquitaine-handball.org\/toutlehand\/?page_id=2352\" data-type=\"URL\" data-id=\"https:\/\/old.nouvelleaquitaine-handball.org\/toutlehand\/?page_id=2352\" target=\"_blank\" rel=\"noreferrer noopener\">Vid\u00e9o Hand \u00e0 4 Pessac (33)<\/a><\/p>\n\n\n\n<p><a href=\"https:\/\/www.youtube.com\/watch?v=mghXuxAim9c\" data-type=\"URL\" data-id=\"https:\/\/www.youtube.com\/watch?v=mghXuxAim9c\">Webinaire anim\u00e9 par E.Villiers et J.Gambier<\/a><\/p>\n","protected":false},"excerpt":{"rendered":"<p>Visuels Hand \u00e0 4 Livret Hand \u00e0 4 \u00e9dition 2018 Fiche pratique HAND A 4 Guide pratique Hand \u00e0 4 \u2013 2019 Hand \u00e0 4 site Ligue Nouvelle Aquitaine Vid\u00e9o Hand \u00e0 4 Pessac (33) Webinaire anim\u00e9 par E.Villiers et J.Gambier<\/p>\n","protected":false},"author":1,"featured_media":0,"parent":0,"menu_order":0,"comment_status":"closed","ping_status":"closed","template":"","meta":{"_seopress_robots_primary_cat":"","footnotes":""},"folder":[],"class_list":["post-2268","page","type-page","status-publish","hentry"],"_links":{"self":[{"href":"https:\/\/old.nouvelleaquitaine-handball.org\/toutlehand\/wp-json\/wp\/v2\/pages\/2268","targetHints":{"allow":["GET"]}}],"collection":[{"href":"https:\/\/old.nouvelleaquitaine-handball.org\/toutlehand\/wp-json\/wp\/v2\/pages"}],"about":[{"href":"https:\/\/old.nouvelleaquitaine-handball.org\/toutlehand\/wp-json\/wp\/v2\/types\/page"}],"author":[{"embeddable":true,"href":"https:\/\/old.nouvelleaquitaine-handball.org\/toutlehand\/wp-json\/wp\/v2\/users\/1"}],"replies":[{"embeddable":true,"href":"https:\/\/old.nouvelleaquitaine-handball.org\/toutlehand\/wp-json\/wp\/v2\/comments?post=2268"}],"version-history":[{"count":8,"href":"https:\/\/old.nouvelleaquitaine-handball.org\/toutlehand\/wp-json\/wp\/v2\/pages\/2268\/revisions"}],"predecessor-version":[{"id":3456,"href":"https:\/\/old.nouvelleaquitaine-handball.org\/toutlehand\/wp-json\/wp\/v2\/pages\/2268\/revisions\/3456"}],"wp:attachment":[{"href":"https:\/\/old.nouvelleaquitaine-handball.org\/toutlehand\/wp-json\/wp\/v2\/media?parent=2268"}],"wp:term":[{"taxonomy":"folder","embeddable":true,"href":"https:\/\/old.nouvelleaquitaine-handball.org\/toutlehand\/wp-json\/wp\/v2\/folder?post=2268"}],"curies":[{"name":"wp","href":"https:\/\/api.w.org\/{rel}","templated":true}]}}